{"id":673,"date":"2023-11-20T10:52:08","date_gmt":"2023-11-20T09:52:08","guid":{"rendered":"http:\/\/193.59.17.94:85\/?page_id=673"},"modified":"2026-03-16T12:12:27","modified_gmt":"2026-03-16T11:12:27","slug":"piatek2030","status":"publish","type":"page","link":"http:\/\/194.92.67.112\/index.php\/piatek2030\/","title":{"rendered":"Pi\u0105tek 20.30"},"content":{"rendered":"\t\t<div data-elementor-type=\"wp-page\" data-elementor-id=\"673\" class=\"elementor elementor-673\">\n\t\t\t\t<div class=\"elementor-element elementor-element-f747fe7 e-flex e-con-boxed e-con e-parent\" data-id=\"f747fe7\" data-element_type=\"container\" data-e-type=\"container\">\n\t\t\t\t\t<div class=\"e-con-inner\">\n\t\t\t\t<div class=\"elementor-element elementor-element-75a4912 elementor-widget-divider--view-line elementor-widget elementor-widget-divider\" data-id=\"75a4912\" data-element_type=\"widget\" data-e-type=\"widget\" data-widget_type=\"divider.default\">\n\t\t\t\t\t\t\t<div class=\"elementor-divider\">\n\t\t\t<span class=\"elementor-divider-separator\">\n\t\t\t\t\t\t<\/span>\n\t\t<\/div>\n\t\t\t\t\t\t<\/div>\n\t\t\t\t\t<\/div>\n\t\t\t\t<\/div>\n\t\t<div class=\"elementor-element elementor-element-84d69a1 e-flex e-con-boxed e-con e-parent\" data-id=\"84d69a1\" data-element_type=\"container\" data-e-type=\"container\">\n\t\t\t\t\t<div class=\"e-con-inner\">\n\t\t\t\t<div class=\"elementor-element elementor-element-819ab64 elementor-widget elementor-widget-text-editor\" data-id=\"819ab64\" data-element_type=\"widget\" data-e-type=\"widget\" data-widget_type=\"text-editor.default\">\n\t\t\t\t\t\t\t\t\t<p>START nast\u0119pnej edycji akcji 5 wrzesie\u0144 2025 godz. 20.30 &#8211; ZAPRASZAMY.<\/p>\t\t\t\t\t\t\t\t<\/div>\n\t\t\t\t\t<\/div>\n\t\t\t\t<\/div>\n\t\t<div class=\"elementor-element elementor-element-6dff121 e-flex e-con-boxed e-con e-parent\" data-id=\"6dff121\" data-element_type=\"container\" data-e-type=\"container\">\n\t\t\t\t\t<div class=\"e-con-inner\">\n\t\t\t\t<div class=\"elementor-element elementor-element-5a5bf7d elementor-widget elementor-widget-image\" data-id=\"5a5bf7d\" data-element_type=\"widget\" data-e-type=\"widget\" data-widget_type=\"image.default\">\n\t\t\t\t\t\t\t\t\t\t\t\t\t\t\t\t<a href=\"\/wp-content\/uploads\/2025\/05\/testy-lacznosci.jpg\">\n\t\t\t\t\t\t\t<img fetchpriority=\"high\" decoding=\"async\" width=\"1024\" height=\"345\" src=\"http:\/\/194.92.67.112\/wp-content\/uploads\/2025\/05\/testy-lacznosci.jpg\" class=\"attachment-large size-large wp-image-5387\" alt=\"\" \/>\t\t\t\t\t\t\t\t<\/a>\n\t\t\t\t\t\t\t\t\t\t\t\t\t\t\t<\/div>\n\t\t\t\t\t<\/div>\n\t\t\t\t<\/div>\n\t\t<div class=\"elementor-element elementor-element-f654341 e-flex e-con-boxed e-con e-parent\" data-id=\"f654341\" data-element_type=\"container\" data-e-type=\"container\">\n\t\t\t\t\t<div class=\"e-con-inner\">\n\t\t\t\t<div class=\"elementor-element elementor-element-ffcc51f elementor-widget elementor-widget-text-editor\" data-id=\"ffcc51f\" data-element_type=\"widget\" data-e-type=\"widget\" data-widget_type=\"text-editor.default\">\n\t\t\t\t\t\t\t\t\t<p>Naszym celem jest propagowanie kr\u00f3tkofalarstwa z uwzgl\u0119dnieniem regionu PONIDZIA oraz cz\u0119stotliwo\u015bci lokalnej 145.275MHz na kt\u00f3rej najcz\u0119\u015bciej nas s\u0142ycha\u0107 za po\u015brednictwem przemiennika klubowego SR7KGO.<\/p>\t\t\t\t\t\t\t\t<\/div>\n\t\t\t\t<div class=\"elementor-element elementor-element-98a9220 elementor-widget elementor-widget-image\" data-id=\"98a9220\" data-element_type=\"widget\" data-e-type=\"widget\" data-widget_type=\"image.default\">\n\t\t\t\t\t\t\t\t\t\t\t\t\t\t\t<img decoding=\"async\" width=\"1024\" height=\"724\" src=\"http:\/\/194.92.67.112\/wp-content\/uploads\/2025\/07\/zaproszenie2.png\" class=\"attachment-large size-large wp-image-5606\" alt=\"\" \/>\t\t\t\t\t\t\t\t\t\t\t\t\t\t\t<\/div>\n\t\t\t\t\t<\/div>\n\t\t\t\t<\/div>\n\t\t<div class=\"elementor-element elementor-element-217c770 e-flex e-con-boxed e-con e-parent\" data-id=\"217c770\" data-element_type=\"container\" data-e-type=\"container\">\n\t\t\t\t\t<div class=\"e-con-inner\">\n\t\t\t\t<div class=\"elementor-element elementor-element-d663e61 elementor-widget-divider--view-line elementor-widget elementor-widget-divider\" data-id=\"d663e61\" data-element_type=\"widget\" data-e-type=\"widget\" data-widget_type=\"divider.default\">\n\t\t\t\t\t\t\t<div class=\"elementor-divider\">\n\t\t\t<span class=\"elementor-divider-separator\">\n\t\t\t\t\t\t<\/span>\n\t\t<\/div>\n\t\t\t\t\t\t<\/div>\n\t\t\t\t\t<\/div>\n\t\t\t\t<\/div>\n\t\t<div class=\"elementor-element elementor-element-10f4c30 e-grid e-con-boxed e-con e-parent\" data-id=\"10f4c30\" data-element_type=\"container\" data-e-type=\"container\">\n\t\t\t\t\t<div class=\"e-con-inner\">\n\t\t\t\t<div class=\"elementor-element elementor-element-7f916e0 elementor-widget elementor-widget-image\" data-id=\"7f916e0\" data-element_type=\"widget\" data-e-type=\"widget\" data-widget_type=\"image.default\">\n\t\t\t\t\t\t\t\t\t\t\t\t<figure class=\"wp-caption\">\n\t\t\t\t\t\t\t\t\t\t\t<a href=\"\/ham\/zalogowane.php\" target=\"_blank\">\n\t\t\t\t\t\t\t<img decoding=\"async\" width=\"300\" height=\"138\" src=\"http:\/\/194.92.67.112\/wp-content\/uploads\/2023\/12\/qso-dyplom.jpg\" class=\"attachment-medium size-medium wp-image-1357\" alt=\"\" \/>\t\t\t\t\t\t\t\t<\/a>\n\t\t\t\t\t\t\t\t\t\t\t<figcaption class=\"widget-image-caption wp-caption-text\">Sprawd\u017a swoje QSO<\/figcaption>\n\t\t\t\t\t\t\t\t\t\t<\/figure>\n\t\t\t\t\t\t\t\t\t<\/div>\n\t\t\t\t<div class=\"elementor-element elementor-element-feeac87 elementor-widget elementor-widget-image\" data-id=\"feeac87\" data-element_type=\"widget\" data-e-type=\"widget\" data-widget_type=\"image.default\">\n\t\t\t\t\t\t\t\t\t\t\t\t<figure class=\"wp-caption\">\n\t\t\t\t\t\t\t\t\t\t\t<a href=\"\/ham\/log.php\" target=\"_blank\">\n\t\t\t\t\t\t\t<img loading=\"lazy\" decoding=\"async\" width=\"300\" height=\"140\" src=\"http:\/\/194.92.67.112\/wp-content\/uploads\/2023\/12\/logi-dyplom.jpg\" class=\"attachment-medium size-medium wp-image-1361\" alt=\"\" \/>\t\t\t\t\t\t\t\t<\/a>\n\t\t\t\t\t\t\t\t\t\t\t<figcaption class=\"widget-image-caption wp-caption-text\">Ostatnie zalogowane QSO.<\/figcaption>\n\t\t\t\t\t\t\t\t\t\t<\/figure>\n\t\t\t\t\t\t\t\t\t<\/div>\n\t\t\t\t\t<\/div>\n\t\t\t\t<\/div>\n\t\t<div class=\"elementor-element elementor-element-cc39e6c e-flex e-con-boxed e-con e-parent\" data-id=\"cc39e6c\" data-element_type=\"container\" data-e-type=\"container\">\n\t\t\t\t\t<div class=\"e-con-inner\">\n\t\t\t\t<div class=\"elementor-element elementor-element-f7b94bb elementor-widget elementor-widget-text-editor\" data-id=\"f7b94bb\" data-element_type=\"widget\" data-e-type=\"widget\" data-widget_type=\"text-editor.default\">\n\t\t\t\t\t\t\t\t\t<p>Stacja klubowa SP7KGO w ramach \u0142\u0105czno\u015bci przyznaje <strong>1 punkt<\/strong> za QSO przeprowadzone z operatorem w pa\u015bmie 2m,\u00a0 70cm, via sie\u0107 FM-Poland, EchoLink, Zello, DMR itp.<br \/><strong>Punkty z przeprowadzonych \u0142\u0105czno\u015bci nie sumuj\u0105 si\u0119. Podczas pi\u0105tkowej sesji mo\u017cemy zdoby\u0107 tylko 1 punkt.<\/strong><\/p>\t\t\t\t\t\t\t\t<\/div>\n\t\t\t\t<div class=\"elementor-element elementor-element-d8bcf42 elementor-widget elementor-widget-image\" data-id=\"d8bcf42\" data-element_type=\"widget\" data-e-type=\"widget\" data-widget_type=\"image.default\">\n\t\t\t\t\t\t\t\t\t\t\t\t<figure class=\"wp-caption\">\n\t\t\t\t\t\t\t\t\t\t\t<a href=\"https:\/\/drive.google.com\/drive\/folders\/1B-43d1AWE_tdfnmjNIazhYTjHRDgnYoJ\" target=\"_blank\">\n\t\t\t\t\t\t\t<img loading=\"lazy\" decoding=\"async\" width=\"300\" height=\"157\" src=\"http:\/\/194.92.67.112\/wp-content\/uploads\/2024\/03\/dzwiek.jpg\" class=\"attachment-medium size-medium wp-image-4217\" alt=\"\" \/>\t\t\t\t\t\t\t\t<\/a>\n\t\t\t\t\t\t\t\t\t\t\t<figcaption class=\"widget-image-caption wp-caption-text\">Archiwum nagranych sesji.<\/figcaption>\n\t\t\t\t\t\t\t\t\t\t<\/figure>\n\t\t\t\t\t\t\t\t\t<\/div>\n\t\t\t\t\t<\/div>\n\t\t\t\t<\/div>\n\t\t<div class=\"elementor-element elementor-element-f523a4c e-flex e-con-boxed e-con e-parent\" data-id=\"f523a4c\" data-element_type=\"container\" data-e-type=\"container\">\n\t\t\t\t\t<div class=\"e-con-inner\">\n\t\t\t\t<div class=\"elementor-element elementor-element-442e70b elementor-widget elementor-widget-text-editor\" data-id=\"442e70b\" data-element_type=\"widget\" data-e-type=\"widget\" data-widget_type=\"text-editor.default\">\n\t\t\t\t\t\t\t\t\t<p>Spe\u0142niaj\u0105c wymagane warunki akcji zdobywamy <strong>pami\u0105tkowe dyplomy<\/strong> oraz <strong><span style=\"color: #3366ff;\"><a style=\"color: #3366ff;\" href=\"\/index.php\/piatek-20-30-nagrody\/\">cenne nagrody<\/a><\/span>.<\/strong><\/p><p>W ramach podsumowania aktywno\u015bci Ponidzia\u0144ska Grupa Kr\u00f3tkofalowc\u00f3w za zaj\u0119cie czo\u0142owych miejsc przewiduje uroczyste wr\u0119czenie nagr\u00f3d w \u015bwietle fleszy aparat\u00f3w.<\/p><p>Zach\u0119camy do aktywnego uczestnictwa \ud83d\ude42<\/p>\t\t\t\t\t\t\t\t<\/div>\n\t\t\t\t\t<\/div>\n\t\t\t\t<\/div>\n\t\t<div class=\"elementor-element elementor-element-2ad635d e-flex e-con-boxed e-con e-parent\" data-id=\"2ad635d\" data-element_type=\"container\" data-e-type=\"container\">\n\t\t\t\t\t<div class=\"e-con-inner\">\n\t\t\t\t<div class=\"elementor-element elementor-element-6463028 elementor-widget elementor-widget-text-editor\" data-id=\"6463028\" data-element_type=\"widget\" data-e-type=\"widget\" data-widget_type=\"text-editor.default\">\n\t\t\t\t\t\t\t\t\t<h1 style=\"text-align: center;\">Mi\u0142ej zabawy.<\/h1>\t\t\t\t\t\t\t\t<\/div>\n\t\t\t\t\t<\/div>\n\t\t\t\t<\/div>\n\t\t<div class=\"elementor-element elementor-element-02a67cb e-flex e-con-boxed e-con e-parent\" data-id=\"02a67cb\" data-element_type=\"container\" data-e-type=\"container\">\n\t\t\t\t\t<div class=\"e-con-inner\">\n\t\t\t\t<div class=\"elementor-element elementor-element-5ac769d elementor-widget-divider--view-line elementor-widget elementor-widget-divider\" data-id=\"5ac769d\" data-element_type=\"widget\" data-e-type=\"widget\" data-widget_type=\"divider.default\">\n\t\t\t\t\t\t\t<div class=\"elementor-divider\">\n\t\t\t<span class=\"elementor-divider-separator\">\n\t\t\t\t\t\t<\/span>\n\t\t<\/div>\n\t\t\t\t\t\t<\/div>\n\t\t\t\t\t<\/div>\n\t\t\t\t<\/div>\n\t\t\t\t<\/div>\n\t\t","protected":false},"excerpt":{"rendered":"<p>START nast\u0119pnej edycji akcji 5 wrzesie\u0144 2025 godz. 20.30 &#8211; ZAPRASZAMY. Naszym celem jest propagowanie kr\u00f3tkofalarstwa z uwzgl\u0119dnieniem regionu PONIDZIA oraz cz\u0119stotliwo\u015bci lokalnej 145.275MHz na kt\u00f3rej najcz\u0119\u015bciej nas s\u0142ycha\u0107 za po\u015brednictwem przemiennika klubowego SR7KGO. Sprawd\u017a swoje QSO Ostatnie zalogowane QSO. Stacja klubowa SP7KGO w ramach \u0142\u0105czno\u015bci przyznaje 1 punkt za QSO przeprowadzone z operatorem w [&hellip;]<\/p>\n","protected":false},"author":2,"featured_media":0,"parent":0,"menu_order":0,"comment_status":"closed","ping_status":"closed","template":"","meta":{"footnotes":""},"class_list":["post-673","page","type-page","status-publish","hentry"],"_links":{"self":[{"href":"http:\/\/194.92.67.112\/index.php\/wp-json\/wp\/v2\/pages\/673","targetHints":{"allow":["GET"]}}],"collection":[{"href":"http:\/\/194.92.67.112\/index.php\/wp-json\/wp\/v2\/pages"}],"about":[{"href":"http:\/\/194.92.67.112\/index.php\/wp-json\/wp\/v2\/types\/page"}],"author":[{"embeddable":true,"href":"http:\/\/194.92.67.112\/index.php\/wp-json\/wp\/v2\/users\/2"}],"replies":[{"embeddable":true,"href":"http:\/\/194.92.67.112\/index.php\/wp-json\/wp\/v2\/comments?post=673"}],"version-history":[{"count":217,"href":"http:\/\/194.92.67.112\/index.php\/wp-json\/wp\/v2\/pages\/673\/revisions"}],"predecessor-version":[{"id":6050,"href":"http:\/\/194.92.67.112\/index.php\/wp-json\/wp\/v2\/pages\/673\/revisions\/6050"}],"wp:attachment":[{"href":"http:\/\/194.92.67.112\/index.php\/wp-json\/wp\/v2\/media?parent=673"}],"curies":[{"name":"wp","href":"https:\/\/api.w.org\/{rel}","templated":true}]}}