{"id":6166,"date":"2026-02-08T20:56:50","date_gmt":"2026-02-08T19:56:50","guid":{"rendered":"http:\/\/194.92.67.112\/?page_id=6166"},"modified":"2026-02-28T20:54:09","modified_gmt":"2026-02-28T19:54:09","slug":"spotkania-krotkofalowcow","status":"publish","type":"page","link":"http:\/\/194.92.67.112\/index.php\/spotkania-krotkofalowcow\/","title":{"rendered":"Spotkania Kr\u00f3tkofalowc\u00f3w"},"content":{"rendered":"\t\t<div data-elementor-type=\"wp-page\" data-elementor-id=\"6166\" class=\"elementor elementor-6166\">\n\t\t\t\t<div class=\"elementor-element elementor-element-ab875ee e-flex e-con-boxed e-con e-parent\" data-id=\"ab875ee\" data-element_type=\"container\" data-e-type=\"container\">\n\t\t\t\t\t<div class=\"e-con-inner\">\n\t\t\t\t<div class=\"elementor-element elementor-element-e657e07 elementor-widget elementor-widget-text-editor\" data-id=\"e657e07\" data-element_type=\"widget\" data-e-type=\"widget\" data-widget_type=\"text-editor.default\">\n\t\t\t\t\t\t\t\t\t<p><a href=\"https:\/\/www.google.pl\/maps\/place\/Krakowa+G%C3%B3ra\/@51.3166469,20.6693917,105m\/data=!3m1!1e3!4m6!3m5!1s0x4719b3a4d1e8ec47:0x6502fcae3500bb28!8m2!3d51.3167014!4d20.6696729!16s%2Fg%2F11g03wwzk_?entry=ttu&amp;g_ep=EgoyMDI2MDIyNS4wIKXMDSoASAFQAw%3D%3D\" target=\"_blank\" rel=\"noopener\">2026-04-11 Krakowa G\u00f3ra<\/a><\/p><p><a href=\"https:\/\/www.google.pl\/maps\/place\/Jezioro+Tarnobrzeskie\/@50.5447864,21.6270297,5278m\/data=!3m1!1e3!4m6!3m5!1s0x473d49b794e76d9d:0x910582f0f2b03d1e!8m2!3d50.5435406!4d21.6420528!16s%2Fm%2F0j6595p?entry=ttu&amp;g_ep=EgoyMDI2MDIyNS4wIKXMDSoASAFQAw%3D%3D\" target=\"_blank\" rel=\"noopener\">2026-04-25 Jezioro Tarnobrzeskie<\/a><\/p><p><a href=\"https:\/\/www.google.pl\/maps\/@50.200228,19.769996,395m\/data=!3m1!1e3?entry=ttu&amp;g_ep=EgoyMDI2MDIyNS4wIKXMDSoASAFQAw%3D%3D\" target=\"_blank\" rel=\"noopener\">2026-05-01 Jerzmanowice &#8211; Wzg\u00f3rze 502<\/a><\/p><p><a href=\"https:\/\/www.losnapograniczu.pl\/\" target=\"_blank\" rel=\"noopener\">2026-05-30\u00a0 \u0141O\u015a\u00a0 \u0141\u00f3dzkie-Opolskie-\u015al\u0105skie<\/a><\/p><p>2026-06-13\u00a0 Rozpocz\u0119cie sezonu Krak\u00f3w<\/p><p><a href=\"https:\/\/www.google.pl\/maps\/place\/Gospodarstwo+Pasieczne+%22S%C4%85decki+Bartnik%22\/@49.670579,20.9653911,245m\/data=!3m1!1e3!4m6!3m5!1s0x471644b6bc0ef061:0xcc7b075282e6b389!8m2!3d49.6697107!4d20.9637631!16s%2Fg%2F1vkxk_p5?entry=ttu&amp;g_ep=EgoyMDI2MDIyNS4wIKXMDSoASAFQAw%3D%3D\" target=\"_blank\" rel=\"noopener\">2026-06-27\u00a0 Bartnik<\/a><\/p><p>2026-09-11\u00a0 Zjazd Techniczny Burzenin &#8211; UKF\/SAT<\/p><p><a href=\"https:\/\/www.google.pl\/maps\/place\/Brzanka\/@49.8436457,21.0962429,94m\/data=!3m1!1e3!4m6!3m5!1s0x473d963909e22021:0xb89b5fcd52b6e572!8m2!3d49.8444444!4d21.0888888!16s%2Fg%2F122pdh4y?entry=ttu&amp;g_ep=EgoyMDI2MDIyNS4wIKXMDSoASAFQAw%3D%3D\" target=\"_blank\" rel=\"noopener\">2026-09-12 Jod\u0142\u00f3wka Tuchowska\/Brzanka<\/a><\/p><p>2026-10-09 Wysowa-Zdr\u00f3j<\/p>\t\t\t\t\t\t\t\t<\/div>\n\t\t\t\t\t<\/div>\n\t\t\t\t<\/div>\n\t\t\t\t<\/div>\n\t\t","protected":false},"excerpt":{"rendered":"<p>2026-04-11 Krakowa G\u00f3ra 2026-04-25 Jezioro Tarnobrzeskie 2026-05-01 Jerzmanowice &#8211; Wzg\u00f3rze 502 2026-05-30\u00a0 \u0141O\u015a\u00a0 \u0141\u00f3dzkie-Opolskie-\u015al\u0105skie 2026-06-13\u00a0 Rozpocz\u0119cie sezonu Krak\u00f3w 2026-06-27\u00a0 Bartnik 2026-09-11\u00a0 Zjazd Techniczny Burzenin &#8211; UKF\/SAT 2026-09-12 Jod\u0142\u00f3wka Tuchowska\/Brzanka 2026-10-09 Wysowa-Zdr\u00f3j<\/p>\n","protected":false},"author":2,"featured_media":0,"parent":0,"menu_order":0,"comment_status":"closed","ping_status":"closed","template":"","meta":{"footnotes":""},"class_list":["post-6166","page","type-page","status-publish","hentry"],"_links":{"self":[{"href":"http:\/\/194.92.67.112\/index.php\/wp-json\/wp\/v2\/pages\/6166","targetHints":{"allow":["GET"]}}],"collection":[{"href":"http:\/\/194.92.67.112\/index.php\/wp-json\/wp\/v2\/pages"}],"about":[{"href":"http:\/\/194.92.67.112\/index.php\/wp-json\/wp\/v2\/types\/page"}],"author":[{"embeddable":true,"href":"http:\/\/194.92.67.112\/index.php\/wp-json\/wp\/v2\/users\/2"}],"replies":[{"embeddable":true,"href":"http:\/\/194.92.67.112\/index.php\/wp-json\/wp\/v2\/comments?post=6166"}],"version-history":[{"count":72,"href":"http:\/\/194.92.67.112\/index.php\/wp-json\/wp\/v2\/pages\/6166\/revisions"}],"predecessor-version":[{"id":6318,"href":"http:\/\/194.92.67.112\/index.php\/wp-json\/wp\/v2\/pages\/6166\/revisions\/6318"}],"wp:attachment":[{"href":"http:\/\/194.92.67.112\/index.php\/wp-json\/wp\/v2\/media?parent=6166"}],"curies":[{"name":"wp","href":"https:\/\/api.w.org\/{rel}","templated":true}]}}